{"id":4990,"date":"2026-09-06T08:51:59","date_gmt":"2026-09-06T08:51:59","guid":{"rendered":"https:\/\/nuestrasenoradelosdolores.archimadrid.es\/?post_type=reflexiones-syl&#038;p=4990"},"modified":"2026-09-06T08:52:18","modified_gmt":"2026-09-06T08:52:18","slug":"2026-09-06-domingo-xxiii-del-tiempo-ordinario-2","status":"publish","type":"reflexiones-syl","link":"https:\/\/nuestrasenoradelosdolores.archimadrid.es\/index.php\/reflexiones-syl\/2026-09-06-domingo-xxiii-del-tiempo-ordinario-2\/","title":{"rendered":"Domingo XXIII del Tiempo Ordinario"},"excerpt":{"rendered":"<p>Desde el punto de vista literario, el discurso de Jes\u00fas acerca de la correcci\u00f3n fraterna est\u00e1 construido sobre la base del uso de la condicional \u00absi\u00bb. Jes\u00fas enuncia el principio general \u00absi tu hermano peca&#8230;\u00bb (v. 15a), al que siguen tres frases que especifican cuatro condicionales, la primera con resultado positivo: \u00abSi te oye&#8230;\u00bb (v. 15b), y las otras tres, negativo: \u00abSi no oye&#8230;\u00bb (v. 16), \u00absi desoye&#8230;\u00bb (v. 17a), \u00absi tambi\u00e9n desoye&#8230;\u00bb (v. 17b).<\/p>\n","protected":false},"template":"","meta":{"_acf_changed":false},"tiempos-liturgicos":[27],"ciclos-liturgicos":[33],"temas":[],"class_list":["post-4990","reflexiones-syl","type-reflexiones-syl","status-publish","hentry","tiempos-liturgicos-tiempo-ordinario","ciclos-liturgicos-ciclo-a"],"acf":[],"_links":{"self":[{"href":"https:\/\/nuestrasenoradelosdolores.archimadrid.es\/index.php\/wp-json\/wp\/v2\/reflexiones-syl\/4990","targetHints":{"allow":["GET"]}}],"collection":[{"href":"https:\/\/nuestrasenoradelosdolores.archimadrid.es\/index.php\/wp-json\/wp\/v2\/reflexiones-syl"}],"about":[{"href":"https:\/\/nuestrasenoradelosdolores.archimadrid.es\/index.php\/wp-json\/wp\/v2\/types\/reflexiones-syl"}],"wp:attachment":[{"href":"https:\/\/nuestrasenoradelosdolores.archimadrid.es\/index.php\/wp-json\/wp\/v2\/media?parent=4990"}],"wp:term":[{"taxonomy":"tiempos-liturgicos","embeddable":true,"href":"https:\/\/nuestrasenoradelosdolores.archimadrid.es\/index.php\/wp-json\/wp\/v2\/tiempos-liturgicos?post=4990"},{"taxonomy":"ciclos-liturgicos","embeddable":true,"href":"https:\/\/nuestrasenoradelosdolores.archimadrid.es\/index.php\/wp-json\/wp\/v2\/ciclos-liturgicos?post=4990"},{"taxonomy":"temas","embeddable":true,"href":"https:\/\/nuestrasenoradelosdolores.archimadrid.es\/index.php\/wp-json\/wp\/v2\/temas?post=4990"}],"curies":[{"name":"wp","href":"https:\/\/api.w.org\/{rel}","templated":true}]}}

<p>Desde el punto de vista literario, el discurso de Jesús acerca de la corrección fraterna está construido sobre la base del uso de la condicional «si». Jesús enuncia el principio general «si tu hermano peca&#8230;» (v. 15a), al que siguen tres frases que especifican cuatro condicionales, la primera con resultado positivo: «Si te oye&#8230;» (v. 15b), y las otras tres, negativo: «Si no oye&#8230;» (v. 16), «si desoye&#8230;» (v. 17a), «si también desoye&#8230;» (v. 17b).</p>
