{"id":4989,"date":"2026-09-06T08:49:23","date_gmt":"2026-09-06T08:49:23","guid":{"rendered":"https:\/\/nuestrasenoradelosdolores.archimadrid.es\/?post_type=reflexiones-syl&#038;p=4989"},"modified":"2026-09-06T08:49:23","modified_gmt":"2026-09-06T08:49:23","slug":"2026-08-30-domingo-xxii-del-tiempo-ordinario","status":"publish","type":"reflexiones-syl","link":"https:\/\/nuestrasenoradelosdolores.archimadrid.es\/index.php\/reflexiones-syl\/2026-08-30-domingo-xxii-del-tiempo-ordinario\/","title":{"rendered":"Domingo XXII del Tiempo Ordinario"},"excerpt":{"rendered":"<p>Despu\u00e9s de acoger la confesi\u00f3n de Pedro, con el asentimiento de los dem\u00e1s Ap\u00f3stoles, y tras prohibirles que difundan que es el Mes\u00edas, para evitar que tanto la gente como ellos mismos se hagan una idea equivocada de en qu\u00e9 consiste su mesianismo, Jes\u00fas hace, de forma un tanto inesperada, el primer anuncio (en total har\u00e1 tres) de su Pasi\u00f3n.<br \/>\nUn primer detalle que destaca en sus palabras es que Jes\u00fas afirma que \u00abdebe (o tiene que) ir a Jerusal\u00e9n y sufrir mucho\u00bb. El deber o tener espa\u00f1ol responde a la forma verbal griega dei (arameo, \u2018atid), que significa \u00abes necesario\u00bb, que Jes\u00fas usa con frecuencia para decir que algo que hay que hacer o ha de suceder responde a la voluntad de Dios (cf Mt 17,10; 24,6; 26,54). En obediencia al Padre Jes\u00fas tiene que ponerse en camino hacia Jerusal\u00e9n. Ir a Jerusal\u00e9n es una decisi\u00f3n que corresponde a lo que Jes\u00fas hab\u00eda dicho y que formaba parte de la tradici\u00f3n de Israel: \u00abNo cabe que un profeta perezca fuera de Jerusal\u00e9n\u00bb (Lc 13,33), y tambi\u00e9n del lamento que el propio Jes\u00fas pronunciar\u00e1 un poco despu\u00e9s sobre Jerusal\u00e9n: \u00ab\u00a1Jerusal\u00e9n, Jerusal\u00e9n, que matas a los profetas&#8230; !\u00bb (Lc 13,34).<\/p>\n","protected":false},"template":"","meta":{"_acf_changed":false},"tiempos-liturgicos":[27],"ciclos-liturgicos":[33],"temas":[],"class_list":["post-4989","reflexiones-syl","type-reflexiones-syl","status-publish","hentry","tiempos-liturgicos-tiempo-ordinario","ciclos-liturgicos-ciclo-a"],"acf":[],"_links":{"self":[{"href":"https:\/\/nuestrasenoradelosdolores.archimadrid.es\/index.php\/wp-json\/wp\/v2\/reflexiones-syl\/4989","targetHints":{"allow":["GET"]}}],"collection":[{"href":"https:\/\/nuestrasenoradelosdolores.archimadrid.es\/index.php\/wp-json\/wp\/v2\/reflexiones-syl"}],"about":[{"href":"https:\/\/nuestrasenoradelosdolores.archimadrid.es\/index.php\/wp-json\/wp\/v2\/types\/reflexiones-syl"}],"wp:attachment":[{"href":"https:\/\/nuestrasenoradelosdolores.archimadrid.es\/index.php\/wp-json\/wp\/v2\/media?parent=4989"}],"wp:term":[{"taxonomy":"tiempos-liturgicos","embeddable":true,"href":"https:\/\/nuestrasenoradelosdolores.archimadrid.es\/index.php\/wp-json\/wp\/v2\/tiempos-liturgicos?post=4989"},{"taxonomy":"ciclos-liturgicos","embeddable":true,"href":"https:\/\/nuestrasenoradelosdolores.archimadrid.es\/index.php\/wp-json\/wp\/v2\/ciclos-liturgicos?post=4989"},{"taxonomy":"temas","embeddable":true,"href":"https:\/\/nuestrasenoradelosdolores.archimadrid.es\/index.php\/wp-json\/wp\/v2\/temas?post=4989"}],"curies":[{"name":"wp","href":"https:\/\/api.w.org\/{rel}","templated":true}]}}

<p>Después de acoger la confesión de Pedro, con el asentimiento de los demás Apóstoles, y tras prohibirles que difundan que es el Mesías, para evitar que tanto la gente como ellos mismos se hagan una idea equivocada de en qué consiste su mesianismo, Jesús hace, de forma un tanto inesperada, el primer anuncio (en total hará tres) de su Pasión.<br />
Un primer detalle que destaca en sus palabras es que Jesús afirma que «debe (o tiene que) ir a Jerusalén y sufrir mucho». El deber o tener español responde a la forma verbal griega dei (arameo, ‘atid), que significa «es necesario», que Jesús usa con frecuencia para decir que algo que hay que hacer o ha de suceder responde a la voluntad de Dios (cf Mt 17,10; 24,6; 26,54). En obediencia al Padre Jesús tiene que ponerse en camino hacia Jerusalén. Ir a Jerusalén es una decisión que corresponde a lo que Jesús había dicho y que formaba parte de la tradición de Israel: «No cabe que un profeta perezca fuera de Jerusalén» (Lc 13,33), y también del lamento que el propio Jesús pronunciará un poco después sobre Jerusalén: «¡Jerusalén, Jerusalén, que matas a los profetas&#8230; !» (Lc 13,34).</p>
